136 a multiple of 54?
False
Is 6285 a multiple of 29?
False
Is 9 a factor of 37530?
True
Is 12 a factor of 4236?
True
Is 9821 a multiple of 61?
True
Is 22 a multiple of 22?
True
Does 17 divide 1293?
False
Does 32 divide 28343?
False
Is 1822 a multiple of 36?
False
Is 810 a multiple of 5?
True
Does 88 divide 6633?
False
Is 537 a multiple of 3?
True
Does 11 divide 29225?
False
Is 4 a factor of 73?
False
Is 334 a factor of 80358?
False
Does 52 divide 832?
True
Is 8 a factor of 518?
False
Is 1344 a multiple of 21?
True
Is 13 a factor of 5473?
True
Is 7160 a multiple of 9?
False
Does 148 divide 9012?
False
Does 14 divide 7122?
False
Is 3 a factor of 174?
True
Does 4 divide 40?
True
Is 6436 a multiple of 58?
False
Is 1166 a multiple of 58?
False
Is 17 a factor of 1188?
False
Does 106 divide 15903?
False
Does 29 divide 5974?
True
Is 27 a multiple of 19?
False
Is 14 a factor of 19059?
False
Is 4486 a multiple of 64?
False
Is 2680 a multiple of 134?
True
Is 1657 a multiple of 41?
False
Does 56 divide 591?
False
Is 325 a multiple of 36?
False
Is 22214 a multiple of 31?
False
Is 16 a factor of 283?
False
Is 500 a multiple of 41?
False
Does 17 divide 65?
False
Is 21 a factor of 1783?
False
Does 124 divide 85188?
True
Is 14 a factor of 2734?
False
Is 140 a factor of 14150?
False
Is 34 a factor of 2246?
False
Does 74 divide 74?
True
Is 94212 a multiple of 36?
True
Does 14 divide 55314?
True
Does 21 divide 672?
True
Is 480 a multiple of 32?
True
Does 41 divide 615?
True
Is 4536 a multiple of 72?
True
Is 6268 a multiple of 11?
False
Is 2800 a multiple of 112?
True
Does 8 divide 4416?
True
Is 19 a factor of 2673?
False
Does 4 divide 7880?
True
Is 19 a factor of 37582?
True
Does 74 divide 12506?
True
Is 585 a multiple of 13?
True
Does 4 divide 1006?
False
Is 2175 a multiple of 3?
True
Is 54 a factor of 3348?
True
Is 59 a factor of 3717?
True
Is 31 a factor of 675?
False
Is 9 a factor of 522?
True
Is 14569 a multiple of 14?
False
Is 1563 a multiple of 21?
False
Does 9 divide 15354?
True
Does 72 divide 9788?
False
Is 30 a factor of 240?
True
Is 282 a multiple of 29?
False
Is 24402 a multiple of 19?
False
Is 2568 a multiple of 107?
True
Is 8 a factor of 3789?
False
Is 3 a factor of 84?
True
Does 36 divide 2438?
False
Is 330 a multiple of 9?
False
Is 3 a factor of 2451?
True
Does 24 divide 24830?
False
Is 9243 a multiple of 3?
True
Does 3 divide 52?
False
Is 7 a factor of 539?
True
Does 138 divide 22632?
True
Does 75 divide 56178?
False
Does 16 divide 16436?
False
Is 6527 a multiple of 17?
False
Is 5 a factor of 2324?
False
Is 112 a factor of 2016?
True
Does 15 divide 71371?
False
Does 59 divide 7033?
False
Is 153 a factor of 1224?
True
Does 24 divide 4164?
False
Is 85 a factor of 5448?
False
Is 8697 a multiple of 39?
True
Is 21 a factor of 2037?
True
Does 12 divide 100524?
True
Is 3 a factor of 703?
False
Does 6 divide 186?
True
Is 7884 a multiple of 108?
True
Does 8 divide 408?
True
Does 10 divide 660?
True
Is 572 a multiple of 13?
True
Does 159 divide 5883?
True
Is 75 a factor of 4050?
True
Is 1180 a multiple of 92?
False
Is 5488 a multiple of 20?
False
Is 385 a factor of 48130?
False
Does 7 divide 1156?
False
Does 26 divide 6419?
False
Does 39 divide 484?
False
Does 105 divide 29610?
True
Is 78 a factor of 10337?
False
Is 54 a factor of 2811?
False
Does 18 divide 26874?
True
Does 12 divide 12189?
False
Is 2 a factor of 7990?
True
Is 8 a factor of 10358?
False
Is 3302 a multiple of 32?
False
Does 15 divide 167?
False
Does 148 divide 7151?
False
Is 237 a multiple of 46?
False
Does 39 divide 10678?
False
Does 48 divide 4656?
True
Is 3 a factor of 934?
False
Does 3 divide 93?
True
Does 252 divide 16233?
False
Is 1391 a multiple of 35?
False
Is 13 a factor of 9243?
True
Is 8 a factor of 1512?
True
Does 6 divide 1914?
True
Does 12 divide 600?
True
Is 165 a factor of 2094?
False
Is 177 a factor of 20355?
True
Is 8 a factor of 476?
False
Is 7 a factor of 434?
True
Does 25 divide 1805?
False
Does 22 divide 8888?
True
Does 8 divide 6312?
True
Does 12 divide 821?
False
Is 59 a factor of 273?
False
Does 78 divide 4938?
False
Is 14226 a multiple of 6?
True
Does 11 divide 56968?
False
Does 15 divide 14625?
True
Is 3549 a multiple of 91?
True
Is 294 a factor of 37926?
True
Is 521 a multiple of 11?
False
Does 20 divide 359?
False
Is 27 a factor of 270?
True
Is 88 a multiple of 4?
True
Is 353 even?
False
Is 1470 a multiple of 35?
True
Does 12 divide 5742?
False
Does 6 divide 9777?
False
Does 15 divide 19830?
True
Is 1762 a multiple of 52?
False
Is 196 a factor of 13132?
True
Is 18 a factor of 1237?
False
Is 896 a multiple of 8?
True
Is 491 a multiple of 18?
False
Is 23020 a multiple of 47?
False
Is 1272 a multiple of 3?
True
Is 92 a factor of 2796?
False
Is 61 even?
False
Is 38 a factor of 20976?
True
Does 21 divide 410?
False
Does 4 divide 434?
False
Is 304 a multiple of 6?
False
Does 14 divide 20076?
True
Does 246 divide 25338?
True
Is 1638 a multiple of 26?
True
Is 11 a factor of 10134?
False
Is 10 a factor of 846?
False
Does 5 divide 5486?
False
Is 5 a factor of 320?
True
Is 838 a multiple of 97?
False
Is 21472 a multiple of 61?
True
Is 2 a factor of 147?
False
Is 28 a factor of 11928?
True
Does 14 divide 221?
False
Does 141 divide 1765?
False
Is 178 a multiple of 9?
False
Is 650 a multiple of 4?
False
Is 5 a factor of 665?
True
Is 320 a factor of 33921?
False
Does 7 divide 906?
False
Is 11 a factor of 3700?
False
Is 290 a multiple of 4?
False
Does 380 divide 63080?
True
Is 1192 a multiple of 5?
False
Is 27 a factor of 12258?
True
Does 32 divide 8974?
False
Does 17 divide 28747?
True
Does 13 divide 411?
False
Is 22 a factor of 344?
False
Does 11 divide 43858?
False
Is 25802 a multiple of 12?
False
Is 156 a factor of 8997?
False
Does 10 divide 32?
False
Does 7 divide 2975?
True
Is 3056 a multiple of 48?
False
Is 15 a factor of 122?
False
Is 24 a factor of 1563?
False
Does 7 divide 178?
False
Is 384 a multiple of 37?
False
Is 276 a multiple of 38?
False
Does 4 divide 986?
False
Is 230 a multiple of 60?
False
Is 271 a multiple of 6?
False
Is 552 a multiple of 2?
True
Is 127173 a multiple of 14?
False
Is 16 a factor of 8934?
False
Is 763 a multiple of 49?
False
Does 38 divide 380?
True
Does 4 divide 788?
True
Does 146 divide 2920?
True
Is 217 a factor of 37966?
False
Is 41 a factor of 45259?
False
Is 21 a factor of 117?
False
Is 9 a factor of 506?
False
Is 4 a factor of 907?
False
Is 9 a factor of 125?
False
Is 108 a factor of 1512?
True
Is 49 a factor of 1127?
True
Is 213 a multiple of 2?
False
Is 75454 a multiple of 63?
False
Is 455 a multiple of 11?
False
Is 802 a multiple of 22?
False
Is 62 a factor of 1853?
False
Is 9784 a multiple of 71?
False
Is 10 a factor of 20?
True
Is 7128 a multiple of 72?
True
Is 15 a factor of 210?
True
Is 24 a factor of 1468?
False
Is 18 a factor of 396?
True
Is 7 a factor of 861?
True
Does 71 divide 24921?
True
Does 14 divide 398?
False
Does 348 divide 69600?
True
Is 486 a multiple of 9?
True
Is 93 a factor of 4092?
True
Does 194 divide 15191?
False
Does 12 divide 400?
False
Is 19 a factor of 3371?
False
Does 149 divide 5412?
False
Does 25 divide 3598?
False
Does 33 divide 63650?
False
Does 28 divide 3058?
False
Does 26 divide 1641?
False
Is 46 a factor of 18676?
True
Is 7263 a multiple of 67?
False
Is 31 a factor of 10990?
False
Is 28 a factor of 875?
False
Is 10066 a multiple of 59?
False
Is 1024 a multiple of 32?
True
Is 6384 a multiple of 8?
True
Is 983 a multiple of 57?
False
Does 49 divide 2597?
True
Does 6 divide 13979?
False
Is 114 a factor of 456?
True
Does 15 divide 1800?
True
Does 43 divide 1505?
True
Does 274 divide 18722?
False
Is 7987 a multiple of 24?
False
Does 13 divide 5685?
False
Is 88386 a multiple of 186?
False
Does 65 divide 5373?
False
Does 11 divide 337?
False
Is 14 a factor of 778?
False
Does 9 divide 2550?
False
Is 94 a factor of 4700?
True
Does 62 divide 806?
True
Is 12 a factor of 6960?
True
Is 198 a factor of 43164?
True
Does 16 divide 4864?
True
Is 60890 a multiple of 102?
False
Does 20 divide 7590?
False
Is 14 a factor of 420?
True
Is 255 a multiple of 16?
False
Is 44940 a multiple of 42?
True
Does 163 divide 2119?
True
Is 62496 a multiple of 12?
True
Does 167 divide 37909?
True
Is 562 a multiple of 14?
False
